). Let h(c) = 3*c**3 + c. Let p be h(y). Let g(t) = t**2 - 2*t - 6. Give g(p).
18
Let t(q) = q + 4. Let j(a) be the third derivative of -a**4/12 - 3*a**3/2 + 4*a**2. Let n(c) = -2*j(c) - 5*t(c). Give n(4).
-6
Let h be 2 + (0 - (0 - 10)). Suppose 79 = -4*a - 5*n, 9*n = 4*n - 15. Let v be (a/(-6))/(h/18). Let q(u) = -u**3 + 5*u**2 - 2*u - 2. What is q(v)?
6
Let j(n) be the first derivative of -n**2 + 2*n - 2. Let x = 7 + -4. What is j(x)?
-4
Let m(q) = 4*q**2 - q. Suppose 5 = 5*k - 0. Let h be 4/6 - k/(-3). Give m(h).
3
Suppose -5*t = 2*j - 36, 20 = 2*t + 3*t. Let d = j + -3. Let y(s) = -s + 1. Let z(m) = -m**2 + 2. Let w(q) = -6*y(q) + z(q). Calculate w(d).
1
Suppose 0 = -4*s - 0*s. Suppose -3*k - 4*p - 4 = -7*k, 3*p = -4*k - 3. Let o = k + s. Let j(y) = -y**3 + y**2 - 1. Determine j(o).
-1
Let d(c) = 0*c - 3*c**2 + c + c. Let p(a) = -16*a**2 + 10*a + 1. Let k(g) = -11*d(g) + 2*p(g). Let t = -1 - -4. What is k(t)?
5
Let o(z) = -12 + 4 + 10 + 2*z. Give o(5).
12
Suppose 3 = 3*w - 6. Let c(n) = 5*n**2 - 9*n + 1. Let m(b) = -11*b**2 + 20*b - 2. Let t(v) = -13*c(v) - 6*m(v). Determine t(w).
-1
Let b(h) = -h**3 - 3*h**2 - 4*h - 4. Suppose 5*l - a + 12 = 0, 3*l - a + 1 = -5. Let q = l + 1. Let n be (q - 0)*(-3)/(-2). Give b(n).
8
Let n = -29 + 31. Let l(y) = 2*y**3 - y + 1. Give l(n).
15
Let p be (3 - -2)/((-1)/1). Let f = -8 - -11. Let b(n) = f - 2 - 2*n + n. Determine b(p).
6
Let z(p) be the second derivative of p**3/2 - p**2/2 - 2*p + 3. Let m be 1 + (-1 - (-3 + 2)). Give z(m).
2
Suppose g - 5 + 0 = 0. Suppose -3*d - 2*d - g = 0. Let f = d + -1. Let t(v) = -4*v - 2. Give t(f).
6
Let b(a) = a**3 - a**2 - 5. Let y be ((-3)/(1*-3))/(-1). Let l(q) = 3*q**2 - 1. Let p be l(y). Suppose 3*z - 3 = -5*d, -3*d = p*d - 2*z + 2. Determine b(d).
-5
Let r(l) = -l - 1. Suppose 0 = -f + u, -3*f - 3*u = -2*u. Let m be (2 - (f + 1)) + 4. Suppose m*b + 14 = 4*k, 9 = -5*b + 2*b + 3*k. Calculate r(b).
1
Let y(d) = -d - 1. Let f(i) = -i**3 - 15*i**2 - 14*i - 2. Let x be f(-14). Give y(x).
1
Let x(s) = s**2 - 7*s + 3. Let u(q) = -q**3 + 4*q**2 - 2*q + 4. Let k(a) = a**3 - 4*a**2 - 5*a + 3. Let p be k(5). Let h be u(p). Calculate x(h).
3
Let v(l) = l + 3 - 3 - 1. Let p(f) = -f**3 - f - 12. Let r be p(0). Let w = -13 - r. Calculate v(w).
-2
Let y(o) = -o**3 + 2*o + 1. Let j be y(-1). Let m(x) = -x**3 - x**2 + x - 4. What is m(j)?
-4
Let n(a) = -a**3 - 4*a**2 + 3. Let m = -7 - -3. What is n(m)?
3
Let k(f) = -13*f - 6. Suppose -2*r + s - 25 = 3*r, -3*r + 3*s = 3. Let w(z) = -12*z - 5. Let t(g) = r*w(g) + 5*k(g). Give t(1).
7
Let m(i) = 7*i**3 + 2*i**2 + i. Let w be m(-1). Let d(k) = -k**2 + 8*k - 4. Let h(g) = 2*g**2 - 9*g + 4. Let z(p) = 3*d(p) + 2*h(p). Give z(w).
-4
Let g(u) = 6*u**2 - 109 + 109. Determine g(-1).
6
Let m(z) be the second derivative of z**6/360 - z**5/120 - z**4/4 - z**3/2 - 3*z. Let f(t) be the second derivative of m(t). Give f(0).
-6
Let k(x) be the second derivative of -x + 3/2*x**2 + 0 + 1/2*x**3. Calculate k(-2).
-3
Suppose -25 + 5 = -5*j. Let q(t) = -t - 4 + 5 - j + 0. Let y be q(0). Let s(p) = -p**3 - 3*p**2 + 2*p. Give s(y).
-6
Let t(g) = -7*g - 1. Let s(q) = -q**2 - 10*q - 3. Let o be s(-10). Let c be 2/o + 5/(-15). Give t(c).
6
Let j = 14 - 15. Let s(c) = -2*c**2 + c. Give s(j).
-3
Let y(u) be the first derivative of -u**6/360 + u**5/24 - u**3 - 1. Let m(z) be the third derivative of y(z). Give m(6).
-6
Let y = 30 - 29. Let h(b) = -8*b**3 - 6*b**2 + b + 6. Let u(n) = -7*n**3 - 5*n**2 + n + 5. Let f(l) = 6*h(l) - 7*u(l). Determine f(y).
0
Let l = -9 + 14. Suppose 4*n + n = 0. Let h(q) = -10 + 4*q + n*q - 3*q. Determine h(l).
-5
Let b(m) be the third derivative of 6*m**2 + 0*m - 1/24*m**4 + 0 - 5/6*m**3. Give b(0).
-5
Let i = 12 - 6. Let k(s) = -s + 2. Give k(i).
-4
Let h(y) = -2*y - 2. Let s(q) = q + 9. Let x be s(-7). Suppose 0*f = -2*k - x*f + 8, -5*f - 8 = k. Let t = 3 - k. What is h(t)?
6
Let o(k) = 7*k**3 + 4*k**2 - 13*k + 6. Let i(c) be the first derivative of c**4/4 + c**3/3 - c**2/2 + 2. Let q(t) = -6*i(t) + o(t). Give q(4).
10
Let i(f) = 1 - f**3 - 4*f + 3 + 0 - 5*f**2. Let z(u) = 2*u + 10. Let r be z(-7). Determine i(r).
4
Let h(w) = -w**2 + 7*w**2 + 9 - w**3 - 4*w**2 - 10*w**2 + 2*w. Determine h(-8).
-7
Let f(v) = -3*v**2 + 5*v. Suppose 4*o + 2*m + 18 = 0, 3*o - m = -8 - 8. Let l = 11 + o. Let w(t) = -6*t**2 + 11*t. Let k(i) = l*w(i) - 13*f(i). Give k(1).
4
Let f = -73 + 70. Let l(r) be the second derivative of r**3/2 + r**2/2 - 2*r. Determine l(f).
-8
Suppose 0 = 3*d - 5*d + 4. Let q(n) = -n + 7. Let i be q(5). Let u(g) = 5 - 5*g + 3*g**d - 5*g**i + g**2. What is u(-5)?
5
Let q(f) be the second derivative of -f**4/12 + f**3/2 - 3*f**2 - 18*f. Determine q(3).
-6
Let k(n) = 2*n**2 + n + 12. Let l(q) = -q**2 - q - 6. Let s(g) = -4*k(g) - 7*l(g). Let b = 10 - 6. What is s(b)?
-10
Let q be (-3)/24 - 23/8. Let t(a) = -2*a. Determine t(q).
6
Let s(w) = -w + 10. Let b be s(8). Let n(d) = 0*d**2 + 1 + d**b - d**2 + d**2. What is n(3)?
10
Let l = -4 + 8. Let o(s) = -2*s - l*s**2 - s**3 - 1 + 7*s**3 + 2. Let k(p) = -12*p**3 + 9*p**2 + 5*p - 2. Let v(m) = -2*k(m) - 5*o(m). Give v(-1).
7
Let t(u) = -3*u**3 - 6*u**2 + 4*u. Let c(z) = 4*z**3 + 7*z**2 - 5*z. Let b(r) = -4*c(r) - 5*t(r). Give b(3).
-9
Let p(k) = -2*k + 2 - k**3 - 3*k**2 - 4 - 1 + 8*k**2. Let d be ((1*12)/(-3))/(-1). What is p(d)?
5
Let o = 5 + 4. Let t = 11 - o. Suppose -t*m + i = -9, 5 = -5*m + i - 4*i. Let q(b) = 3*b**2 - 2*b. Calculate q(m).
8
Let f(j) be the third derivative of -j**4/12 - j**3 - 22*j**2. Calculate f(-7).
8
Let t(a) = 40 + 2*a - 39 - 8*a. Suppose 0 = -3*v - 2*c + 7*c - 3, -4*v - 4 = c. Calculate t(v).
7
Let s(h) = -4*h + 1. Suppose d = 5*d + 5*z - 39, 2*d = 2*z + 6. Suppose -3*t + d = -t. Calculate s(t).
-11
Suppose -4*p + 8 = 4*d, 0*d + 8 = 4*p - d. Let o(v) = p*v + v**3 - 2*v + 2*v**2 - 3*v. What is o(-3)?
0
Let w(u) = 7*u - 3. Suppose 4*n + 14 + 6 = 0. Let c(t) = 10*t - 4. Let k(a) = n*c(a) + 7*w(a). What is k(4)?
-5
Let a = 9 + 0. Let h(m) = -m + 5. What is h(a)?
-4
Let r(p) be the third derivative of -p**5/60 - 5*p**4/12 - p**3/3 - 16*p**2. Calculate r(-10).
-2
Let u = -3 - -5. Let f be (15/10)/(1/u). Let o(p) = 0*p**2 + 3 - 3*p**2 + 0*p + 5*p**2 - 3*p. Determine o(f).
12
Let z = 11 + -7. Suppose 0 = 2*t + x - z*x - 15, 3 = 4*t + 3*x. Let l be 4/(-6)*t/(-2). Let p(k) = -k + 1. Give p(l).
0
Let p(c) = 2 + 0*c + 4 - 3 - 2*c. What is p(4)?
-5
Let d(y) = 7*y - 8. Let l(x) = -13*x + 15. Let b(i) = 11*d(i) + 6*l(i). Let n = -52 + 58. Calculate b(n).
-4
Let y(u) be the second derivative of u**6/120 + u**5/15 + u**4/6 - 3*u**2/2 + 3*u. Let c(g) be the first derivative of y(g). Let d = -11 + 8. Calculate c(d).
-3
Let i(a) be the third derivative of -3*a**4/8 + 11*a**2. Determine i(-1).
9
Let b = 12 - 6. Let q(c) = c + 2. Determine q(b).
8
Let y(v) = -4*v**2 - 2*v - 5. Let p(n) = -n**3 - n**2 - 1. Let t(d) = -4*p(d) + y(d). Let h be 8 + -6 + (-1)/(-1). Suppose 3*g + h = -0*g. Calculate t(g).
-3
Let k(v) = -v - 5. Let l(p) = -7*p. Let x be l(1). Let c be k(x). Let q(z) = -z + 1. Give q(c).
-1
Let j(k) = -k. Let u = -13 - -13. Suppose 5*y + 4*m - m + 22 = u, 0 = -5*m - 20. What is j(y)?
2
Let m(q) = -q**3 + 12*q**2 - 20*q - 3. Let c be m(10). Let s(y) = -4*y - y + 2*y. Determine s(c).
9
Let h(i) = -i**2 + 5*i + 4. Let o(v) = -v**2 + 6*v + 11. Let j be o(8). Let g = -10 - j. Let n = g - -11. Give h(n).
-2
Let i(v) = -v**2 + 5*v + 1. Suppose -8*x + 24 = -4*x. Give i(x).
-5
Let a(p) = 3*p + 1. Let y = -6 - -2. Suppose 10*h + 5*h = 45. Let r = y + h. Calculate a(r).
-2
Let k(x) = x**3 - 5*x**2 - 7*x + 8. Let l be k(6). Let t(r) = r + 6. Let a be t(-4). Let b(v) = -1 + 3*v - 2*v**3 - v + a*v**2 - 2. Determine b(l).
-7
Suppose -d = 2*d + 15. Let y be d/2*10/5. Let i(j) = -5*j + j**2 - 2 - 2*j**2 + 5. Determine i(y).
3
Suppose -11*u - 15 = -6*u. Let a(r) = r**3 + 3*r**2 - r - 2. What is a(u)?
1
Let a(b) = b. Let j(f) = 1. Let g(z) = -z**2 - 3*z - 3. Let m be g(-2). Let r(i) = m*a(i) + j(i). Let t(k) = -k**2 - 6*k + 10. Let v be t(-7). Give r(v).
-2
Let v(g) = -g + 1. Let t be (-3)/12 - 10/(-8). Let b = 5 - t. What is v(b)?
-3
Suppose 0 = 3*d - 5*q - 40 + 17, 2*q = -2*d - 6. Let i(m) = -4*m**2 - 1. Determine i(d).
-5
Let f(y) = y**2 + 2*y + 2. Suppose 2*r = 3*b + 15, -5*r - 3